{"id":167,"date":"2022-01-25T17:58:14","date_gmt":"2022-01-25T16:58:14","guid":{"rendered":"http:\/\/mn-homeorganizer.com\/?page_id=167"},"modified":"2026-02-15T08:22:18","modified_gmt":"2026-02-15T07:22:18","slug":"decoration-dinterieur-particulier-ou-professionnel","status":"publish","type":"page","link":"https:\/\/mn-homeorganizer.com\/index.php\/decoration-dinterieur-particulier-ou-professionnel\/","title":{"rendered":"Prestations de d\u00e9coration d&rsquo;int\u00e9rieur pour les particuliers"},"content":{"rendered":"\n<h2 class=\"wp-block-heading has-text-align-center\" id=\"shopping-list-decoration-d-interieur-et-d-exterieur\"><strong>Sublimez vos espaces avec l\u2019expertise de Marylaure N.<\/strong><\/h2>\n\n\n\n<div class=\"wp-block-media-text alignwide is-stacked-on-mobile is-vertically-aligned-center is-image-fill-element\" style=\"grid-template-columns:28% auto\"><figure class=\"wp-block-media-text__media\"><img loading=\"lazy\" decoding=\"async\" width=\"1024\" height=\"780\" src=\"https:\/\/mn-homeorganizer.com\/wp-content\/uploads\/2023\/03\/Amioc_Contemporary_sleek_and_white_living_room_warm_with_sea_vi_a930386b-8637-4ad4-97e7-e3b05a99f5c1-1024x780.png\" alt=\"Rangement Salon Blanc\" class=\"wp-image-1365 size-full\" style=\"object-position:50% 50%\" srcset=\"https:\/\/mn-homeorganizer.com\/wp-content\/uploads\/2023\/03\/Amioc_Contemporary_sleek_and_white_living_room_warm_with_sea_vi_a930386b-8637-4ad4-97e7-e3b05a99f5c1-1024x780.png 1024w, https:\/\/mn-homeorganizer.com\/wp-content\/uploads\/2023\/03\/Amioc_Contemporary_sleek_and_white_living_room_warm_with_sea_vi_a930386b-8637-4ad4-97e7-e3b05a99f5c1-300x229.png 300w, https:\/\/mn-homeorganizer.com\/wp-content\/uploads\/2023\/03\/Amioc_Contemporary_sleek_and_white_living_room_warm_with_sea_vi_a930386b-8637-4ad4-97e7-e3b05a99f5c1-768x585.png 768w, https:\/\/mn-homeorganizer.com\/wp-content\/uploads\/2023\/03\/Amioc_Contemporary_sleek_and_white_living_room_warm_with_sea_vi_a930386b-8637-4ad4-97e7-e3b05a99f5c1.png 1344w\" sizes=\"auto, (max-width: 1024px) 100vw, 1024px\" \/><\/figure><div class=\"wp-block-media-text__content\">\n<p>Vous souhaitez repenser votre d\u00e9coration d&rsquo;int\u00e9rieur, valoriser votre habitation ou concevoir un lieu \u00e0 votre image ?<br>En tant que d\u00e9coratrice d\u2019int\u00e9rieur, je vous accompagne dans la cr\u00e9ation d\u2019univers \u00e9l\u00e9gants et sur mesure, alliant esth\u00e9tisme, fonctionnalit\u00e9 et harmonie.<\/p>\n\n\n\n<p>Attentive \u00e0 vos aspirations comme \u00e0 vos exigences, je con\u00e7ois des ambiances uniques, pens\u00e9es pour votre confort et r\u00e9v\u00e9lant toute la singularit\u00e9 de votre lieu de vie.<\/p>\n\n\n\n<p><strong>Prestations sur mesure :<\/strong><\/p>\n\n\n\n<ul class=\"wp-block-list\">\n<li>Cr\u00e9ation d\u2019ambiance dans le cadre d\u2019un projet de r\u00e9novation<\/li>\n\n\n\n<li>Conseil en d\u00e9coration et harmonisation des espaces<\/li>\n\n\n\n<li>Agencement et optimisation d\u2019une ou plusieurs pi\u00e8ces<\/li>\n<\/ul>\n<\/div><\/div>\n\n\n\n<div style=\"height:50px\" aria-hidden=\"true\" class=\"wp-block-spacer\"><\/div>\n\n\n\n<div class=\"wp-block-columns is-layout-flex wp-container-core-columns-is-layout-9d6595d7 wp-block-columns-is-layout-flex\">\n<div class=\"wp-block-column is-layout-flow wp-block-column-is-layout-flow\">\n<div class=\"wp-block-columns is-layout-flex wp-container-core-columns-is-layout-9d6595d7 wp-block-columns-is-layout-flex\">\n<div class=\"wp-block-column has-background is-layout-flow wp-block-column-is-layout-flow\" style=\"background-color:#d6be965e\">\n<h3 class=\"wp-block-heading\">Agencement<\/h3>\n\n\n\n<p>Conseils pour l&rsquo;agencement de votre domicile.<\/p>\n\n\n\n<p>R\u00e9alisation de plans 3D et shopping list pour vous aider \u00e0 cr\u00e9er un nouvel agencement.<\/p>\n\n\n\n<p class=\"has-text-align-right\"><strong>A partir de 450 \u20ac<\/strong><\/p>\n<\/div>\n<\/div>\n\n\n\n<div class=\"wp-block-columns is-layout-flex wp-container-core-columns-is-layout-9d6595d7 wp-block-columns-is-layout-flex\">\n<div class=\"wp-block-column has-background is-layout-flow wp-block-column-is-layout-flow\" style=\"background-color:#bf77027a\">\n<h3 class=\"wp-block-heading\">Conseil d\u00e9co personnalis\u00e9<\/h3>\n\n\n\n<p>Rendez-vous chez le client pour le conseiller sur les choix \u00e0 faire pour un changement de d\u00e9coration d&rsquo;int\u00e9rieur.<\/p>\n\n\n\n<p class=\"has-text-align-right\"><strong>100 \u20ac \/heure<\/strong><\/p>\n<\/div>\n<\/div>\n<\/div>\n\n\n\n<div class=\"wp-block-column has-background is-layout-flow wp-block-column-is-layout-flow\" style=\"background-color:#f8e0c787\">\n<h3 class=\"wp-block-heading\">Projet de r\u00e9novation<\/h3>\n\n\n\n<p>Dans le cadre d&rsquo;une r\u00e9novation d&rsquo;une habitation.<\/p>\n\n\n\n<ul class=\"wp-block-list\">\n<li>Rendez-vous conseil<\/li>\n\n\n\n<li>Moodboards<\/li>\n\n\n\n<li>Shopping list mat\u00e9riaux, mobilier, accessoires&nbsp;<\/li>\n\n\n\n<li>Plan 3D<\/li>\n\n\n\n<li>Suivi du projet&nbsp;<\/li>\n\n\n\n<li>Mise en place d\u00e9co<\/li>\n<\/ul>\n\n\n\n<p class=\"has-text-align-right\"><strong>Tarif sur devis<\/strong><\/p>\n<\/div>\n<\/div>\n\n\n\n<div style=\"height:50px\" aria-hidden=\"true\" class=\"wp-block-spacer\"><\/div>\n\n\n\n<div class=\"wp-block-buttons is-content-justification-center is-layout-flex wp-container-core-buttons-is-layout-16018d1d wp-block-buttons-is-layout-flex\">\n<div class=\"wp-block-button\"><a class=\"wp-block-button__link wp-element-button\" href=\"https:\/\/mn-homeorganizer.com\/index.php\/contact\/\">Prendre rendez-vous<\/a><\/div>\n<\/div>\n\n\n\n<p><\/p>\n","protected":false},"excerpt":{"rendered":"<p>Sublimez vos espaces avec l\u2019expertise de Marylaure N. Agencement Conseils pour l&rsquo;agencement de votre domicile. R\u00e9alisation de plans 3D et shopping list pour vous aider \u00e0 cr\u00e9er un nouvel agencement. A partir de 450 \u20ac Conseil d\u00e9co personnalis\u00e9 Rendez-vous chez le client pour le conseiller sur les choix \u00e0 faire pour un changement de d\u00e9coration &hellip;<\/p>\n","protected":false},"author":1,"featured_media":0,"parent":0,"menu_order":0,"comment_status":"closed","ping_status":"closed","template":"","meta":{"footnotes":""},"class_list":["post-167","page","type-page","status-publish","hentry"],"mb":[],"yoast_head":"<!-- This site is optimized with the Yoast SEO plugin v27.4 - https:\/\/yoast.com\/product\/yoast-seo-wordpress\/ -->\n<title>Prestations de d\u00e9coration d&#039;int\u00e9rieur pour les particuliers - Marylaure N.<\/title>\n<meta name=\"description\" content=\"Professionnels ou particuliers, Marylaure N. vous accompagne dans votre projet de d\u00e9coration d&#039;int\u00e9rieur et de cr\u00e9ation d&#039;ambiance.\" \/>\n<meta name=\"robots\" content=\"index, follow, max-snippet:-1, max-image-preview:large, max-video-preview:-1\" \/>\n<link rel=\"canonical\" href=\"https:\/\/mn-homeorganizer.com\/index.php\/decoration-dinterieur-particulier-ou-professionnel\/\" \/>\n<meta property=\"og:locale\" content=\"fr_FR\" \/>\n<meta property=\"og:type\" content=\"article\" \/>\n<meta property=\"og:title\" content=\"MOOD BOARD JAPANDI\" \/>\n<meta property=\"og:description\" content=\"Planche d&#039;ambiance pour une d\u00e9coration d&#039;int\u00e9rieur au style Japandi.\" \/>\n<meta property=\"og:url\" content=\"https:\/\/mn-homeorganizer.com\/index.php\/decoration-dinterieur-particulier-ou-professionnel\/\" \/>\n<meta property=\"og:site_name\" content=\"Marylaure N.\" \/>\n<meta property=\"article:publisher\" content=\"https:\/\/www.facebook.com\/?ref=tn_tnmn\" \/>\n<meta property=\"article:modified_time\" content=\"2026-02-15T07:22:18+00:00\" \/>\n<meta property=\"og:image\" content=\"https:\/\/mn-homeorganizer.com\/wp-content\/uploads\/2023\/03\/JAPANDI-1024x819.png\" \/>\n\t<meta property=\"og:image:width\" content=\"1024\" \/>\n\t<meta property=\"og:image:height\" content=\"819\" \/>\n\t<meta property=\"og:image:type\" content=\"image\/png\" \/>\n<meta name=\"twitter:card\" content=\"summary_large_image\" \/>\n<meta name=\"twitter:label1\" content=\"Dur\u00e9e de lecture estim\u00e9e\" \/>\n\t<meta name=\"twitter:data1\" content=\"2 minutes\" \/>\n<script type=\"application\/ld+json\" class=\"yoast-schema-graph\">{\"@context\":\"https:\\\/\\\/schema.org\",\"@graph\":[{\"@type\":\"WebPage\",\"@id\":\"https:\\\/\\\/mn-homeorganizer.com\\\/index.php\\\/decoration-dinterieur-particulier-ou-professionnel\\\/\",\"url\":\"https:\\\/\\\/mn-homeorganizer.com\\\/index.php\\\/decoration-dinterieur-particulier-ou-professionnel\\\/\",\"name\":\"Prestations de d\u00e9coration d'int\u00e9rieur pour les particuliers - Marylaure N.\",\"isPartOf\":{\"@id\":\"https:\\\/\\\/mn-homeorganizer.com\\\/#website\"},\"primaryImageOfPage\":{\"@id\":\"https:\\\/\\\/mn-homeorganizer.com\\\/index.php\\\/decoration-dinterieur-particulier-ou-professionnel\\\/#primaryimage\"},\"image\":{\"@id\":\"https:\\\/\\\/mn-homeorganizer.com\\\/index.php\\\/decoration-dinterieur-particulier-ou-professionnel\\\/#primaryimage\"},\"thumbnailUrl\":\"https:\\\/\\\/mn-homeorganizer.com\\\/wp-content\\\/uploads\\\/2023\\\/03\\\/Amioc_Contemporary_sleek_and_white_living_room_warm_with_sea_vi_a930386b-8637-4ad4-97e7-e3b05a99f5c1-1024x780.png\",\"datePublished\":\"2022-01-25T16:58:14+00:00\",\"dateModified\":\"2026-02-15T07:22:18+00:00\",\"description\":\"Professionnels ou particuliers, Marylaure N. vous accompagne dans votre projet de d\u00e9coration d'int\u00e9rieur et de cr\u00e9ation d'ambiance.\",\"breadcrumb\":{\"@id\":\"https:\\\/\\\/mn-homeorganizer.com\\\/index.php\\\/decoration-dinterieur-particulier-ou-professionnel\\\/#breadcrumb\"},\"inLanguage\":\"fr-FR\",\"potentialAction\":[{\"@type\":\"ReadAction\",\"target\":[\"https:\\\/\\\/mn-homeorganizer.com\\\/index.php\\\/decoration-dinterieur-particulier-ou-professionnel\\\/\"]}]},{\"@type\":\"ImageObject\",\"inLanguage\":\"fr-FR\",\"@id\":\"https:\\\/\\\/mn-homeorganizer.com\\\/index.php\\\/decoration-dinterieur-particulier-ou-professionnel\\\/#primaryimage\",\"url\":\"https:\\\/\\\/mn-homeorganizer.com\\\/wp-content\\\/uploads\\\/2023\\\/03\\\/Amioc_Contemporary_sleek_and_white_living_room_warm_with_sea_vi_a930386b-8637-4ad4-97e7-e3b05a99f5c1.png\",\"contentUrl\":\"https:\\\/\\\/mn-homeorganizer.com\\\/wp-content\\\/uploads\\\/2023\\\/03\\\/Amioc_Contemporary_sleek_and_white_living_room_warm_with_sea_vi_a930386b-8637-4ad4-97e7-e3b05a99f5c1.png\",\"width\":1344,\"height\":1024,\"caption\":\"Rangement Salon Blanc\"},{\"@type\":\"BreadcrumbList\",\"@id\":\"https:\\\/\\\/mn-homeorganizer.com\\\/index.php\\\/decoration-dinterieur-particulier-ou-professionnel\\\/#breadcrumb\",\"itemListElement\":[{\"@type\":\"ListItem\",\"position\":1,\"name\":\"Accueil\",\"item\":\"https:\\\/\\\/mn-homeorganizer.com\\\/\"},{\"@type\":\"ListItem\",\"position\":2,\"name\":\"Prestations de d\u00e9coration d&rsquo;int\u00e9rieur pour les particuliers\"}]},{\"@type\":\"WebSite\",\"@id\":\"https:\\\/\\\/mn-homeorganizer.com\\\/#website\",\"url\":\"https:\\\/\\\/mn-homeorganizer.com\\\/\",\"name\":\"Marylaure N.\",\"description\":\"D\u00e9coratrice d&#039;int\u00e9rieur \",\"publisher\":{\"@id\":\"https:\\\/\\\/mn-homeorganizer.com\\\/#organization\"},\"potentialAction\":[{\"@type\":\"SearchAction\",\"target\":{\"@type\":\"EntryPoint\",\"urlTemplate\":\"https:\\\/\\\/mn-homeorganizer.com\\\/?s={search_term_string}\"},\"query-input\":{\"@type\":\"PropertyValueSpecification\",\"valueRequired\":true,\"valueName\":\"search_term_string\"}}],\"inLanguage\":\"fr-FR\"},{\"@type\":\"Organization\",\"@id\":\"https:\\\/\\\/mn-homeorganizer.com\\\/#organization\",\"name\":\"Marylaure N.\",\"url\":\"https:\\\/\\\/mn-homeorganizer.com\\\/\",\"logo\":{\"@type\":\"ImageObject\",\"inLanguage\":\"fr-FR\",\"@id\":\"https:\\\/\\\/mn-homeorganizer.com\\\/#\\\/schema\\\/logo\\\/image\\\/\",\"url\":\"https:\\\/\\\/mn-homeorganizer.com\\\/wp-content\\\/uploads\\\/2024\\\/11\\\/cropped-Marylaure-N.png\",\"contentUrl\":\"https:\\\/\\\/mn-homeorganizer.com\\\/wp-content\\\/uploads\\\/2024\\\/11\\\/cropped-Marylaure-N.png\",\"width\":512,\"height\":512,\"caption\":\"Marylaure N.\"},\"image\":{\"@id\":\"https:\\\/\\\/mn-homeorganizer.com\\\/#\\\/schema\\\/logo\\\/image\\\/\"},\"sameAs\":[\"https:\\\/\\\/www.facebook.com\\\/?ref=tn_tnmn\",\"https:\\\/\\\/www.instagram.com\\\/mn_homeorganizer\\\/\"]}]}<\/script>\n<!-- \/ Yoast SEO plugin. -->","yoast_head_json":{"title":"Prestations de d\u00e9coration d'int\u00e9rieur pour les particuliers - Marylaure N.","description":"Professionnels ou particuliers, Marylaure N. vous accompagne dans votre projet de d\u00e9coration d'int\u00e9rieur et de cr\u00e9ation d'ambiance.","robots":{"index":"index","follow":"follow","max-snippet":"max-snippet:-1","max-image-preview":"max-image-preview:large","max-video-preview":"max-video-preview:-1"},"canonical":"https:\/\/mn-homeorganizer.com\/index.php\/decoration-dinterieur-particulier-ou-professionnel\/","og_locale":"fr_FR","og_type":"article","og_title":"MOOD BOARD JAPANDI","og_description":"Planche d'ambiance pour une d\u00e9coration d'int\u00e9rieur au style Japandi.","og_url":"https:\/\/mn-homeorganizer.com\/index.php\/decoration-dinterieur-particulier-ou-professionnel\/","og_site_name":"Marylaure N.","article_publisher":"https:\/\/www.facebook.com\/?ref=tn_tnmn","article_modified_time":"2026-02-15T07:22:18+00:00","og_image":[{"width":1024,"height":819,"url":"https:\/\/mn-homeorganizer.com\/wp-content\/uploads\/2023\/03\/JAPANDI-1024x819.png","type":"image\/png"}],"twitter_card":"summary_large_image","twitter_misc":{"Dur\u00e9e de lecture estim\u00e9e":"2 minutes"},"schema":{"@context":"https:\/\/schema.org","@graph":[{"@type":"WebPage","@id":"https:\/\/mn-homeorganizer.com\/index.php\/decoration-dinterieur-particulier-ou-professionnel\/","url":"https:\/\/mn-homeorganizer.com\/index.php\/decoration-dinterieur-particulier-ou-professionnel\/","name":"Prestations de d\u00e9coration d'int\u00e9rieur pour les particuliers - Marylaure N.","isPartOf":{"@id":"https:\/\/mn-homeorganizer.com\/#website"},"primaryImageOfPage":{"@id":"https:\/\/mn-homeorganizer.com\/index.php\/decoration-dinterieur-particulier-ou-professionnel\/#primaryimage"},"image":{"@id":"https:\/\/mn-homeorganizer.com\/index.php\/decoration-dinterieur-particulier-ou-professionnel\/#primaryimage"},"thumbnailUrl":"https:\/\/mn-homeorganizer.com\/wp-content\/uploads\/2023\/03\/Amioc_Contemporary_sleek_and_white_living_room_warm_with_sea_vi_a930386b-8637-4ad4-97e7-e3b05a99f5c1-1024x780.png","datePublished":"2022-01-25T16:58:14+00:00","dateModified":"2026-02-15T07:22:18+00:00","description":"Professionnels ou particuliers, Marylaure N. vous accompagne dans votre projet de d\u00e9coration d'int\u00e9rieur et de cr\u00e9ation d'ambiance.","breadcrumb":{"@id":"https:\/\/mn-homeorganizer.com\/index.php\/decoration-dinterieur-particulier-ou-professionnel\/#breadcrumb"},"inLanguage":"fr-FR","potentialAction":[{"@type":"ReadAction","target":["https:\/\/mn-homeorganizer.com\/index.php\/decoration-dinterieur-particulier-ou-professionnel\/"]}]},{"@type":"ImageObject","inLanguage":"fr-FR","@id":"https:\/\/mn-homeorganizer.com\/index.php\/decoration-dinterieur-particulier-ou-professionnel\/#primaryimage","url":"https:\/\/mn-homeorganizer.com\/wp-content\/uploads\/2023\/03\/Amioc_Contemporary_sleek_and_white_living_room_warm_with_sea_vi_a930386b-8637-4ad4-97e7-e3b05a99f5c1.png","contentUrl":"https:\/\/mn-homeorganizer.com\/wp-content\/uploads\/2023\/03\/Amioc_Contemporary_sleek_and_white_living_room_warm_with_sea_vi_a930386b-8637-4ad4-97e7-e3b05a99f5c1.png","width":1344,"height":1024,"caption":"Rangement Salon Blanc"},{"@type":"BreadcrumbList","@id":"https:\/\/mn-homeorganizer.com\/index.php\/decoration-dinterieur-particulier-ou-professionnel\/#breadcrumb","itemListElement":[{"@type":"ListItem","position":1,"name":"Accueil","item":"https:\/\/mn-homeorganizer.com\/"},{"@type":"ListItem","position":2,"name":"Prestations de d\u00e9coration d&rsquo;int\u00e9rieur pour les particuliers"}]},{"@type":"WebSite","@id":"https:\/\/mn-homeorganizer.com\/#website","url":"https:\/\/mn-homeorganizer.com\/","name":"Marylaure N.","description":"D\u00e9coratrice d&#039;int\u00e9rieur ","publisher":{"@id":"https:\/\/mn-homeorganizer.com\/#organization"},"potentialAction":[{"@type":"SearchAction","target":{"@type":"EntryPoint","urlTemplate":"https:\/\/mn-homeorganizer.com\/?s={search_term_string}"},"query-input":{"@type":"PropertyValueSpecification","valueRequired":true,"valueName":"search_term_string"}}],"inLanguage":"fr-FR"},{"@type":"Organization","@id":"https:\/\/mn-homeorganizer.com\/#organization","name":"Marylaure N.","url":"https:\/\/mn-homeorganizer.com\/","logo":{"@type":"ImageObject","inLanguage":"fr-FR","@id":"https:\/\/mn-homeorganizer.com\/#\/schema\/logo\/image\/","url":"https:\/\/mn-homeorganizer.com\/wp-content\/uploads\/2024\/11\/cropped-Marylaure-N.png","contentUrl":"https:\/\/mn-homeorganizer.com\/wp-content\/uploads\/2024\/11\/cropped-Marylaure-N.png","width":512,"height":512,"caption":"Marylaure N."},"image":{"@id":"https:\/\/mn-homeorganizer.com\/#\/schema\/logo\/image\/"},"sameAs":["https:\/\/www.facebook.com\/?ref=tn_tnmn","https:\/\/www.instagram.com\/mn_homeorganizer\/"]}]}},"mfb_rest_fields":["title","yoast_head","yoast_head_json"],"_links":{"self":[{"href":"https:\/\/mn-homeorganizer.com\/index.php\/wp-json\/wp\/v2\/pages\/167","targetHints":{"allow":["GET"]}}],"collection":[{"href":"https:\/\/mn-homeorganizer.com\/index.php\/wp-json\/wp\/v2\/pages"}],"about":[{"href":"https:\/\/mn-homeorganizer.com\/index.php\/wp-json\/wp\/v2\/types\/page"}],"author":[{"embeddable":true,"href":"https:\/\/mn-homeorganizer.com\/index.php\/wp-json\/wp\/v2\/users\/1"}],"replies":[{"embeddable":true,"href":"https:\/\/mn-homeorganizer.com\/index.php\/wp-json\/wp\/v2\/comments?post=167"}],"version-history":[{"count":107,"href":"https:\/\/mn-homeorganizer.com\/index.php\/wp-json\/wp\/v2\/pages\/167\/revisions"}],"predecessor-version":[{"id":2059,"href":"https:\/\/mn-homeorganizer.com\/index.php\/wp-json\/wp\/v2\/pages\/167\/revisions\/2059"}],"wp:attachment":[{"href":"https:\/\/mn-homeorganizer.com\/index.php\/wp-json\/wp\/v2\/media?parent=167"}],"curies":[{"name":"wp","href":"https:\/\/api.w.org\/{rel}","templated":true}]}}